?
22221401
In base 11, what is a541 - 2?
a53a
In base 9, what is -471 + 50?
-421
In base 5, what is 4230241 + -130?
4230111
In base 15, what is 3 + -3993?
-3990
In base 11, what is 1222 + -32?
11a0
In base 7, what is 14114554 + 4?
14114561
In base 5, what is -110442303 + 10?
-110442243
In base 16, what is 2 + -2da2b?
-2da29
In base 12, what is -5 - 86712?
-86717
In base 13, what is -224620 - 2?
-224622
In base 12, what is -6015 - -7?
-600a
In base 12, what is 7 + -14804?
-147b9
In base 14, what is -89 - -6a6b?
69c2
In base 16, what is 3d6 - -30?
406
In base 14, what is 20b - -50a?
717
In base 11, what is -4073196 - -1?
-4073195
In base 2, what is 111110010100 - 11100?
111101111000
In base 6, what is -1124 - 23345?
-24513
In base 3, what is 2000110 + 122122?
2200002
In base 7, what is -510154 + 0?
-510154
In base 5, what is -113243113 - 2?
-113243120
In base 9, what is 460 + 57?
527
In base 6, what is -2120200 - 5?
-2120205
In base 10, what is 14784 - 5?
14779
In base 11, what is 5 - 606538?
-606533
In base 4, what is -21021002 + -12?
-21021020
In base 4, what is -1212 + 330322?
323110
In base 3, what is -201101122 + -112?
-201102011
In base 15, what is -e7 + -de?
-1d6
In base 16, what is -4bec4 + -4?
-4bec8
In base 9, what is -1880 + -57?
-2047
In base 9, what is -87387 - -3?
-87384
In base 5, what is 0 - -23243044?
23243044
In base 14, what is 42b92 - 5?
42b8b
In base 9, what is -871 + -176?
-1157
In base 12, what is -395 - -1b3?
-1a2
In base 10, what is 6 + -676?
-670
In base 12, what is 1134 + 36?
116a
In base 10, what is -5 + 34472?
34467
In base 11, what is 3 - -19a27?
19a2a
In base 6, what is -3534332 - 1?
-3534333
In base 4, what is 3332223102 - -3?
3332223111
In base 7, what is -10002 + 64?
-6605
In base 15, what is -75aaa + 5?
-75aa5
In base 11, what is -46985a - -2?
-469858
In base 6, what is 32 + 54?
130
In base 3, what is 1111 - -22002120?
22011001
In base 7, what is 103621 + 414?
104335
In base 13, what is -11a30 + 14?
-11a19
In base 8, what is 37 - -20535?
20574
In base 5, what is 113222 + 3033?
121310
In base 4, what is -11 - 1100322?
-1100333
In base 10, what is -26 - 597?
-623
In base 6, what is 415253 + -4?
415245
In base 13, what is -129011 + -7?
-129018
In base 8, what is -3402745 + 2?
-3402743
In base 7, what is 1414046 + 0?
1414046
In base 3, what is 0 + -20112011?
-20112011
In base 6, what is 100132 + 33?
100205
In base 12, what is -2 - 124b?
-1251
In base 15, what is 1087 + 5?
108c
In base 11, what is -5961 - -4?
-5958
In base 16, what is 441 - 5b?
3e6
In base 10, what is 476 + 3714?
4190
In base 10, what is -39 + -14621?
-14660
In base 15, what is -bcb5 + -3?
-bcb8
In base 8, what is -5371 + -330?
-5721
In base 16, what is -3a3 + 4?
-39f
In base 4, what is 132322 + 20?
133002
In base 5, what is 4 - 10313104?
-10313100
In base 4, what is -12332200 - -202?
-12331332
In base 4, what is 121 - -120132?
120313
In base 11, what is 1 + -2a464?
-2a463
In base 15, what is 533ee + 2?
53401
In base 12, what is 2 + -68540?
-6853a
In base 13, what is -8c955 - 4?
-8c959
In base 4, what is -1123 - 33101?
-100230
In base 12, what is 1 + -516054?
-516053
In base 15, what is -3cc1 - -33?
-3c8d
In base 11, what is 2 + -9138?
-9136
In base 13, what is -9 + -c0?
-c9
In base 2, what is 1100100011 - 11110?
1100000101
In base 2, what is 101 - -10001111011001100?
10001111011010001
In base 12, what is -16 + -665?
-67b
In base 3, what is -1120002 + 2121111?
1001102
In base 8, what is -214402 + -22?
-214424
In base 13, what is -17042 - -10?
-17032
In base 3, what is 10 + -1010201?
-1010121
In base 2, what is 1010100100011001 - 1?
1010100100011000
In base 16, what is 2277 + -99?
21de
In base 2, what is 101101000011 - -101110?
101101110001
In base 3, what is 11210111101 + 0?
11210111101
In base 4, what is 20212 - -3310?
30122
In base 9, what is -1322258 + 5?
-1322253
In base 15, what is -5 - -eb992?
eb98c
In base 15, what is 677 - -2d?
6a5
In base 11, what is 24 + -15a7?
-1583
In base 4, what is 21212 + -223?
20323
In base 6, what is -1 + 1410203?
1410202
In base 4, what is 20031132322 + 2?
20031132330
In base 8, what is -2 - -4171573?
4171571
In base 5, what is -21320 + 42?
-21223
In base 12, what is -4a3 - 39?
-520
In base 4, what is -120020110 + -313?
-120021023
In base 5, what is -1043101 + 4?
-1043042
In base 2, what is 1001 - -100000010000001?
100000010001010
In base 9, what is 450457 - -7?
450465
In base 7, what is 2515236 + 6?
2515245
In base 9, what is -41 + -446?
-487
In base 6, what is -2 - 10155154?
-10155200
In base 16, what is 0 - 209f?
-209f
In base 10, what is -20 - 6148?
-6168
In base 14, what is -36 - 5d5?
-62b
In base 8, what is 5064 - -1?
5065
In base 2, what is 110111010111100001 - -11?
110111010111100100
In base 13, what is 41 - -426?
467
In base 7, what is -3 - -15435?
15432
In base 12, what is 3 + 1964?
1967
In base 9, what is -5 - -4775?
4770
In base 14, what is -728a - -7?
-7283
In base 16, what is -12a - eba?
-fe4
In base 10, what is -5 + -70600?
-70605
In base 12, what is -4 - -194494?
194490
In base 13, what is -13c5 + 379?
-1049
In base 16, what is 17 + -2993e?
-29927
In base 12, what is -13 - 7712?
-7725
In base 13, what is -291 - -21?
-270
In base 8, what is -5 - 2076?
-2103
In base 2, what is -101110 - 1101111?
-10011101
In base 2, what is -1101 - 10001100100001?
-10001100101110
In base 6, what is -33130 + -1121?
-34251
In base 14, what is -45a - 31?
-48b
In base 8, what is -355 + 7031?
6454
In base 10, what is 136293 - -5?
136298
In base 11, what is -36350a6 + 1?
-36350a5
In base 10, what is 95721 + -5?
95716
In base 2, what is -1001011001111 - -11110010?
-1000111011101
In base 10, what is -171 - 10874?
-11045
In base 8, what is 127 - -105042?
105171
In base 10, what is -99 - 10847?
-10946
In base 9, what is -218 - 12224?
-12443
In base 11, what is -2 - 2857a?
-28581
In base 2, what is 1111110110 - -1010000000?
11001110110
In base 5, what is 302032 + -2?
302030
In base 14, what is 4 - -15b654?
15b658
In base 8, what is -4271 + -4?
-4275
In base 2, what is -101001111 - 1011000?
-110100111
In base 13, what is b568 + -108?
b460
In base 14, what is -1153 - 12a?
-127d
In base 10, what is 1 + -800?
-799
In base 9, what is -84 + -57021?
-57115
In base 11, what is -23a6962 - -3?
-23a695a
In base 10, what is -4643 + -9?
-4652
In base 10, what is 14932 + 1?
14933
In base 3, what is 101121100 + -202?
101120121
In base 4, what is -203 + 2113?
1310
In base 9, what is 1742 - -14?
1756
In base 7, what is 31 - -56646?
60010
In base 10, what is -1043 + 58?
-985
In base 11, what is 508101 - -3?
508104
In base 12, what is 2753 - -3?
2756
In base 16, what is -7 + 12c0?
12b9
In base 2, what is -111111001011111101 - 0?
-111111001011111101
In base 2, what is -11111110 - -1001111101?
101111111
In base 7, what is 2513 - -166?
3012
In base 12, what is 156 - -2260?
23b6
In base 10, what is -5 + -1069328?
-1069333
In base 12, what is 27740 - -8?
27748
In base 15, what is 5c + -1cdd?
-1c81
In base 15, what is -a - 19c57?
-19c62
In base 16, what is 186 - -164?
2ea
In base 7, what is 22201220 - -5?
22201225
In base 11, what is 5 + 995a?
9964
In base 10, what is 269 + 718?
987
In base 13, what is 2 + 224a?
224c
In base 4, what is 2 - -30231221?
30231223
In base 2, what is 10001011001001 - -1000?
10001011010001
In base 15, what is 13e8e4 + 4?
13e8e8
In base 13, what is 8 - -82?
8a
In base 8, what is -2 + 3771714?
3771712
In base 16, what is b950 - -2b?
b97b
In base 12, what is 111 + 284?
395
In base 14, what is -43c + 83?
-399
In base 11, what is 1143a + 37?
11476
In base 16, what is -11e3 + 6?
-11dd
In base 10, what is 12878 - 9?
12869
In base 4, what is -120311222 - 10?
-120311232
In base 11, what is -171 + -9266?
-9427
In base 7, what is 435134 + 3?
435140
In base 8, what is 5 + 6550?
6555
In base 16, what is -41a0c + -2?
-41a0e
In base 8, what is -612561 - -5?
-612554
In base 15, what is 22e1d - 0?
22e1d
In base 14, what is 20aa0 - 2?
20a9c
In base 8, what is -3365247 + 3?
-3365244
In base 4, what is -1013003 + 3?
-1013000
In base 5, what is -1420103 - 143?
-1420301
In base 9, what is 4 - -23400?
23404
In base 2, what is -100 + 111000011100100100?
111000011100100000
In base 2, what is -1 - -10101001101111111?
10101001101111110
In base 12, 